Let z = -434 - -426. Let u(w) = w**3 + 9*w**2 + 7*w. What is u(z)?
8
Let l(a) be the first derivative of a**5/120 + 5*a**4/24 + 4*a**3 - 8. Let b(z) be the third derivative of l(z). Determine b(-6).
-1
Let p(c) be the second derivative of -c + 1/6*c**4 + c**3 + 1/2*c**2 + 0. Calculate p(-4).
9
Suppose 0 = g + 3*g - 12. Let d be 5/15 - 123/(-9). Let r(v) = -9*v**3 + 3*v**2 + d*v**3 - 6*v**3 + v + 2. What is r(g)?
5
Let j(l) = 15*l - 223. Let u be j(15). Let k(v) be the first derivative of -2*v + 1/2*v**u - 7. Determine k(0).
-2
Let t = 923 + -915. Let p(n) = n**3 - n - 1. Let o(m) = 4*m**3 - 8*m**2 - 2*m - 2. Let c(k) = o(k) - 3*p(k). Calculate c(t).
9
Let p(w) be the second derivative of -w**6/360 + w**5/120 + w**4/12 - 11*w**3/6 - 14*w. Let y(x) be the second derivative of p(x). Give y(2).
0
Let b(u) be the second derivative of -u**5/20 - 7*u**4/6 + u**3/3 + 21*u**2/2 - 288*u. Give b(-14).
-7
Let i be (8/(-7))/(2/(-7)). Let g(r) = -r**3 + 5*r**2 - 5*r + 4. Let l be g(i). Let v(m) = m**3 - 7 - 2*m**3 + 7*m**2 + l + 3. What is v(7)?
-4
Let k(m) = -5*m**2 - 4*m + 3. Let d(s) = -s**2 + s - 1. Let r(g) = -3*d(g) - k(g). Suppose 5*z = -2*c - 2 + 15, 4*c + 3*z = 5. Calculate r(c).
7
Let g(k) be the third derivative of -k**6/120 + 7*k**5/60 - 11*k**4/24 + 7*k**3/6 + 12*k**2 + 28. Give g(6).
-23
Let u(q) be the first derivative of -5*q**3/6 + q**2/2 - 23*q - 12. Let o(x) be the first derivative of u(x). Determine o(-2).
11
Let n(o) = -57 + 60 - 18*o + 13*o. What is n(2)?
-7
Let x be 15/(-2)*48/30. Suppose -3*d - 33 = -4*r + 3*r, 0 = -3*d + 3*r - 33. Let s = x - d. Let f(l) = -2*l + 1. Calculate f(s).
3
Let d(s) be the first derivative of -1/3*s**3 - 4 + 3*s**2 - 6*s. Suppose 0*l - 30 = -5*l. What is d(l)?
-6
Let u(h) = 699*h + 13 + 698*h - 1402*h. Calculate u(4).
-7
Let y(m) be the first derivative of m**2 + 6*m + 105. Give y(-5).
-4
Let p(z) be the second derivative of z**3/6 - z**2 + z. Calculate p(6).
4
Suppose 3*f + 8 = 17. Suppose -4*a + 12 = -0*a. Let k(i) = -21 - 14 + 36 + a*i. Determine k(f).
10
Let u(h) = -5*h**2 - 3*h. Let o be u(-2). Let y = -19 - o. Let q(c) = c**3 + 6*c**2 + 2*c - 5. Determine q(y).
10
Let l(g) = 2*g**2 + 3*g - 2. Let b(p) = -p**3 + 6*p**2 - 3. Let n be b(6). Let c(i) = i**2 + 2*i - 1. Let s(v) = n*c(v) + 2*l(v). Give s(3).
8
Let j(m) = -m**3 + m**2 + 4. Let g be 2/(-5) + ((-308)/55)/(-14). Give j(g).
4
Let v(r) be the second derivative of r**4/12 - r**3/2 + r**2/2 + 2*r. Let i = -6 - 4. Let g be i + 8 - (0 + -6). What is v(g)?
5
Let z(q) = -1. Let f(w) = -w**3 - 3*w**2 - 2*w - 3. Let y be f(-3). Let x(j) = j + 9. Let v(u) = y*x(u) + 21*z(u). What is v(-4)?
-6
Let j(l) = 2*l - 10. Let y = 96 + -190. Let x = y + 102. Determine j(x).
6
Let x(u) = u**2 - 6*u + 5. Let n(s) be the first derivative of -8/3*s**3 - 7 + 5*s + 1/4*s**4 + 0*s**2. Let c be n(8). What is x(c)?
0
Let p(x) = x + 16 - 8 - 9. Give p(8).
7
Let u(g) = -g. Let o(v) = -4*v + 8. Let n(j) = o(j) - 5*u(j). Let h(d) = d + 8. Let m(i) = -3*h(i) + 4*n(i). Calculate m(0).
8
Let t(y) = -y**3 - 4*y**2 + 7*y + 7. Let c be (-1 - 7/3)/((-18)/(-27)). Determine t(c).
-3
Suppose -6*m - 14 = -4*m. Let i(x) = 17*x - 27. Let z(a) = 8*a - 14. Let q(o) = m*z(o) + 3*i(o). Let p(k) = 2*k - 8. Let b(j) = 7*p(j) + 3*q(j). What is b(0)?
-5
Let t = -346 + 350. Let u(m) = m**3 - 3*m**2 - 4*m + 3. Determine u(t).
3
Let u(p) be the third derivative of p**4/24 - 7*p**3/3 - 2*p**2. Let q(v) = -v**3 + 8*v**2 + 9*v - 101. Let w be q(7). What is u(w)?
-3
Let t(p) be the second derivative of -7*p**3/6 + 51*p**2 + 12*p + 3. Determine t(15).
-3
Suppose 4*i + 6*k = 11*k + 47, -i - 5*k = -18. Let x(n) = 2*n - 20. Determine x(i).
6
Let d(z) be the third derivative of z**6/120 - z**5/5 + z**4/6 - 3*z**3 - 310*z**2 + 2. Determine d(12).
30
Let x(k) = 5*k**3 - 6*k + 2. Let p(s) = s**3 + s**2 - 1. Let o(n) = 4*p(n) - x(n). Calculate o(6).
-42
Let d(v) = -v**2 + 8*v + 11. Let l be d(9). Let r(u) = 0*u + 4*u - 2*u + 5*u - u**3 - 5*u**l - 1. Give r(-6).
-7
Let w be 40/16 - (-21)/2. Let a(d) = 8*d - 7. Let o(i) = 13*i - 9 - 5 + 4*i. Let n(s) = w*a(s) - 6*o(s). Calculate n(6).
5
Let i(a) = a**2 + 3*a - 7. Suppose 4*g - 26 = 2*v, -2*g = -11 + 3. What is i(v)?
3
Let o(n) be the third derivative of -n**6/60 + n**5/12 + n**4/8 - n**3/2 - 6*n**2 + 14. Determine o(4).
-39
Let k(i) = i + 4. Let w = 79 - 83. What is k(w)?
0
Let n(k) = -2*k. Let a(t) = -2*t - 72. Let v(q) = -a(q) - 2*n(q). Let y be v(-11). Let d(h) = h**3 - 5*h**2 - 9*h + 3. Give d(y).
-15
Let s(h) be the first derivative of -53*h**2/2 + 596. Give s(-1).
53
Let k(h) = -h**2 + 5*h + 6. Let c be k(6). Suppose -3*w + 7 = -8. Let g(d) = d + 4 + 2 + 1 + d**2 - w. Determine g(c).
2
Let b(u) = 0*u - 3 - 4*u**2 + 3*u**2 - u**3 - 2*u. Let g be b(-2). Let l(c) = -2*c**2 - 5 + 261*c - 3*c**2 - 258*c + c**3. What is l(g)?
10
Suppose 3*a + 3*i = 33, -4*a + 0*i = -3*i - 72. Suppose -a*g = 34 + 11. Let p(c) = -8*c + c**2 - 2*c**2 - 1 - 2. What is p(g)?
12
Let t(c) be the second derivative of -c**7/840 - c**6/180 - c**5/120 + c**4/12 + 25*c**3/6 + 7*c. Let n(y) be the second derivative of t(y). Determine n(-2).
4
Suppose -2*o - d = -4, 0 = -4*o + 3*o + 3*d + 16. Let f(c) = -3*c**3 - 1 + o*c**3 + 2*c + c**2 - 5*c**2 - 1. What is f(4)?
6
Let g(h) = -13 - 4*h**2 + 4*h**2 + 5*h + 3*h**2 - h - 2*h**2. Determine g(-6).
-1
Let m(g) be the first derivative of 3*g + g**2 + 1/2*g**3 + 5 + 1/6*g**4. Let c(k) be the first derivative of m(k). What is c(-2)?
4
Let b(x) be the first derivative of 7*x**3/6 - x**2/2 + 14*x - 16. Let w(o) be the first derivative of b(o). What is w(1)?
6
Let c(z) = z**2 - 3*z + 3. Let s(x) = x**2 + 5*x - 4. Let v be s(-8). Let g = 22 - v. Calculate c(g).
1
Let p(n) = -n**3 - 5*n**2 - 3*n - 1. Let m be (-66)/(-9) - 5/15. Suppose -m + 19 = -3*k. Calculate p(k).
-5
Let v(d) = -d + 13. Suppose -7 = -4*w + 1. Suppose 0 = 2*o - 3*o + w*k, -4*o + 2*k = -30. Let g be v(o). Let z(b) = -b**3 + 3*b**2 - b + 1. What is z(g)?
-2
Let c(o) = 18*o - 8*o + 314*o**2 + 3 - 313*o**2. Calculate c(-11).
14
Let m(x) = -x - 20. Let q be m(-15). Let l(n) = -3*n - 7. Let d be (-35)/(-25) - 4/10. Let f(k) = -k - 1. Let g(c) = d*l(c) - 2*f(c). What is g(q)?
0
Suppose -6*y + 7*y - 2 = 0. Suppose 0 = -3*b - y - 13. Let a(d) = d**2 + 5*d + 3. Give a(b).
3
Let j(x) be the second derivative of x**3/3 + x**2/2 + 3*x. Suppose -5*p = 5*r + 4 + 1, 4*p - r - 6 = 0. Let s = -3 + p. What is j(s)?
-3
Let c(u) be the second derivative of -7/12*u**4 + 1/3*u**3 + 1/2*u**2 - 1/20*u**5 - 20*u + 0. Calculate c(-7).
-13
Let r = -5 + 2. Let n(s) = 1 + 3*s - 6*s - 5*s + 7*s. Let p(i) = -i + 3. Let d(v) = 5*n(v) - p(v). Give d(r).
14
Let z(t) be the third derivative of -t**6/120 - 7*t**5/60 + t**3/2 - 7*t**2 - 2*t. Calculate z(-7).
3
Let q = -8 - -11. Let o(j) = -j + q*j + 3*j**2 + 1 - j**2. Suppose -14 = -11*l - 36. Determine o(l).
5
Let x be (2/(-4))/(2/4). Let n be x/(-3 + 19/6). Let j(c) = 8*c + 0*c**2 + c**2 + 6 + c**3 + 0*c**2 + 6*c**2. What is j(n)?
-6
Let j = -33 - -36. Suppose 4*m = 3*m + j. Let a(r) = -4*r - 1 - 3*r + r**m + 7 - 3*r**2. What is a(4)?
-6
Let r(w) = -w**2 + 0 + 2 + 5*w**3 - 4*w**3 + 2*w. Suppose 10 = 21*h - 26*h. Calculate r(h).
-14
Suppose b + 40 = 4*i + 5*b, i = 4*b - 15. Let j(r) = -2 + r + 0*r - 1. Let o(u) = -2*u + 6. Let x(d) = -9*j(d) - 4*o(d). Give x(i).
-2
Let x = -131 + 134. Let m(g) = g**2 - 2*g - 1. Give m(x).
2
Let i(k) = -k**2 + 1. Let l be i(-1). Let t = 3 + -1. Let s(a) = 0*a + l*a - a - t*a. Give s(1).
-3
Let s = -6 + 13. Suppose -12*f + 25 = -s*f. Let n(b) = 2*b + 2*b - f*b + 0*b + 8. What is n(7)?
1
Suppose -3*c + 4*h = 1 + 1, h = 2*c - 2. Suppose 4*r = -3*r + 14. Let z(j) = -j**2 - j**r + 3*j**c - 2 + 7*j. Determine z(-6).
-8
Let p(w) = -5*w**3 - 3*w**2 - 4*w - 4. Let u(q) = 9*q**3 + 6*q**2 + 7*q + 7. Let h(v) = 11*p(v) + 6*u(v). Suppose -5*d = -d - 12. Determine h(d).
-8
Let w be -7 + 2 + 3 - 1. Let i(k) be the first derivative of 1/2*k**2 + k - 1. Determine i(w).
-2
Let m(o) be the first derivative of 7*o**5/60 + o**4/24 - 7*o**2 + 14. Let h(g) be the second derivative of m(g). Determine h(-1).
6
Let f(r) = -4*r + 1. Let c(d) = 3*d. Let x be c(-4). Let k(u) = -u - 15. Let m be k(x). Give f(m).
13
Let l(c) = c + 22. Let f = -101 + 101. Give l(f).
22
